47 (base 8) in base 5?
-21230012
Convert 14987331 (base 10) to base 8.
71130103
18ee364 (base 15) to base 11
a316833
Convert 2316c (base 13) to base 16.
f9e4
Convert -553463 (base 7) to base 10.
-97310
-2462343 (base 9) to base 16
-147318
125013235 (base 6) to base 5
1113143212
What is 78fb4 (base 16) in base 15?
9bc60
What is 82071 (base 10) in base 5?
10111241
Convert -223210031 (base 4) to base 12.
-87325
6288540 (base 11) to base 10
11079893
Convert -100010110001010100001100 (base 2) to base 7.
-140322013
What is -2023013 (base 4) in base 14?
-335d
-b4342 (base 12) to base 14
-61b6a
1010010001111101 (base 2) to base 13
16222
What is 80b9d (base 14) in base 11?
1a1696
What is 101100111100100000 (base 2) in base 12?
8a654
Convert -1305354 (base 6) to base 13.
-26545
-bd936 (base 16) to base 12
-315446
What is 281072 (base 10) in base 13?
9ac1c
48b44b (base 16) to base 12
1719463
-2330044203 (base 5) to base 2
-10100010001101111100001
Convert -145a7 (base 15) to base 16.
-ff7f
-202031010113 (base 4) to base 10
-8966423
What is -200846 (base 10) in base 14?
-532a2
261005 (base 12) to base 4
2120103011
What is c2333 (base 13) in base 7?
2645426
-37a920 (base 11) to base 7
-5046310
-36a76 (base 11) to base 15
-10b6c
What is -8458b9 (base 13) in base 3?
-12211100101120
Convert dbfe8 (base 16) to base 7.
10442050
What is 528329 (base 10) in base 5?
113401304
Convert 1077448 (base 9) to base 10.
582839
What is d5329 (base 16) in base 9?
1570785
10110001001011100 (base 2) to base 8
261134
What is -3552235 (base 6) in base 14?
-4ba35
83a080 (base 12) to base 9
3804746
a865d (base 15) to base 9
1004407
2140324130 (base 5) to base 16
4680fc
1004225304 (base 6) to base 7
153260335
What is -19111 (base 12) in base 10?
-36445
-102103131 (base 4) to base 3
-10210211210
What is 10144215 (base 6) in base 5?
33400333
-a50098 (base 12) to base 13
-6c9ac7
Convert 61c761 (base 13) to base 8.
10554651
-3320212110 (base 4) to base 15
-151a90
What is -12042122 (base 5) in base 9?
-180764
What is -221415 (base 8) in base 6?
-1332541
101010100111000011011011 (base 2) to base 14
16aa9bd
-941946 (base 14) to base 3
-100101221212012
What is -2bb745 (base 12) in base 9?
-1356068
-801088 (base 9) to base 2
-1110011100001110001
Convert -12020003203 (base 4) to base 16.
-1880e3
What is 3250252 (base 7) in base 4?
1201111231
31418 (base 12) to base 11
44536
-10607642 (base 8) to base 9
-4281838
-12331620 (base 7) to base 16
-110bbc
What is 2100110121220 (base 3) in base 5?
304433413
What is 2763359 (base 13) in base 7?
210443405
6102511 (base 7) to base 3
1100202122111
Convert -1032130 (base 4) to base 15.
-174a
15f09 (base 16) to base 6
1532013
Convert 465608 (base 9) to base 2.
1000100010010010101
What is -1100122020202 (base 3) in base 6?
-23242415
-18a8 (base 14) to base 2
-1000101101100
Convert d4c8 (base 14) to base 12.
19248
Convert -112130 (base 6) to base 4.
-2111112
21122650 (base 7) to base 11
1010962
What is -28291 (base 11) in base 3?
-2001020120
Convert -2a1b10 (base 15) to base 2.
-111101111110100010001
253158 (base 13) to base 11
55a383
What is 20202221100 (base 3) in base 6?
2505230
ab7900 (base 12) to base 13
747693
Convert 64104240 (base 7) to base 8.
24555617
What is 27070 (base 11) in base 3?
1222001110
111001010100001 (base 2) to base 8
71241
What is -6655906 (base 10) in base 3?
-110112011012001
Convert -261cea (base 15) to base 13.
-4c0537
Convert 9e8b (base 16) to base 3.
2001200020
Convert 302010121 (base 5) to base 10.
1203786
1111000000001100010 (base 2) to base 3
220222101002
Convert -18b725 (base 12) to base 6.
-13152445
11000010110111001101 (base 2) to base 8
3026715
22281d (base 14) to base 4
10123012023
What is 20320411 (base 5) in base 13?
5b009
Convert -313132201 (base 4) to base 3.
-102112201001
-642065 (base 8) to base 13
-7658b
Convert 122332 (base 8) to base 5.
2322302
-5110402 (base 6) to base 11
-156213
Convert 3570 (base 10) to base 12.
2096
Convert -13030214 (base 5) to base 10.
-126934
What is 112022010001101 (base 3) in base 8?
34773366
Convert 20120342 (base 7) to base 2.
110010111011100001000
What is -80354 (base 13) in base 4?
-313323020
Convert -50230 (base 7) to base 9.
-17561
What is 10a69 (base 16) in base 4?
100221221
325213244 (base 6) to base 13
129a6cc
Convert -255105 (base 7) to base 9.
-72003
Convert 27a200 (base 11) to base 10.
438141
Convert 1057bf (base 16) to base 12.
437993
-4b7b1 (base 13) to base 6
-2554534
-10323210 (base 4) to base 14
-7508
Convert -656116 (base 7) to base 16.
-1c117
20142413 (base 5) to base 8
474671
What is -f3139 (base 16) in base 8?
-3630471
Convert -2a7a1 (base 13) to base 6.
-1420130
Convert -4899a (base 13) to base 6.
-2505524
-948096 (base 12) to base 14
-44b638
What is -210003 (base 4) in base 15?
-a3c
What is -14120324 (base 6) in base 9?
-806347
Convert -1134323 (base 6) to base 5.
-3344212
Convert 1201996 (base 10) to base 14.
23408c
What is 21022121212 (base 3) in base 13?
50762
What is -8043a (base 14) in base 4?
-1023033010
10231333221 (base 4) to base 2
100101101111111101001
23200103231 (base 4) to base 8
13402355
What is -111121332220 (base 4) in base 11?
-3192a52
1324b2 (base 12) to base 6
10431142
What is -dc16 (base 16) in base 3?
-2212021202
Convert -122245 (base 11) to base 5.
-22141121
229b8 (base 12) to base 13
18146
What is 600742 (base 9) in base 14?
9349d
61311 (base 7) to base 11
1021a
What is 4934931 (base 10) in base 9?
10251406
-3011211313 (base 4) to base 16
-c5977
2020220000 (base 4) to base 10
559616
What is -9f405 (base 16) in base 11?
-406094
What is 1302343123 (base 5) in base 7?
35634502
-11101212002 (base 3) to base 6
-1505045
Convert -1220110113 (base 5) to base 16.
-2c2a48
-10303114 (base 5) to base 8
-253545
Convert 189739 (base 11) to base 3.
112210020112
Convert 101100111010010101100 (base 2) to base 8.
5472254
688f (base 16) to base 8
64217
43006401 (base 7) to base 12
127baa6
Convert 100000110000101010010 (base 2) to base 7.
12060465
What is -4150185 (base 9) in base 3?
-11011200012212
Convert 1000010000100110010000 (base 2) to base 3.
11002000000020
What is 3031000 (base 6) in base 10?
144072
Convert -505654 (base 7) to base 3.
-11101002021
What is 1022010002 (base 3) in base 6?
314302
-d4e19 (base 15) to base 14
-137cbd
Convert 86a625 (base 15) to base 3.
110001212012022
-4a851 (base 16) to base 9
-514627
What is 10031422 (base 5) in base 11?
55313
Convert -121213202 (base 4) to base 11.
-71921
2ba91a (base 14) to base 8
5647234
What is 135563651 (base 7) in base 14?
1283dd1
What is -3c605 (base 13) in base 5?
-12104231
Convert -11021102000 (base 4) to base 3.
-2112112010012
-4b09bb (base 14) to base 5
-1124411201
-2279b2 (base 12) to base 13
-164726
-ac36a (base 15) to base 13
-1622a4
Convert 15667511 (base 8) to base 6.
205511145
Convert d351 (base 15) to base 8.
127122
What is -2d0e11 (base 16) in base 14?
-56c0c9
What is -532202 (base 12) in base 11?
-815343
What is -10010110010000010 (base 2) in base 11?
-52887
Convert 2b06a95 (base 12) to base 11.
4a1727a
-3376309 (base 10) to base 7
-40461316
What is -1b9c0 (base 16) in base 13?
-3c621
1870283 (base 9) to base 8
4002615
33021 (base 11) to base 5
3013224
10414404 (base 5) to base 11
63014
-1108634 (base 9) to base 5
-123044324
3652664 (base 7) to base 3
212201100122
Convert -140169 (base 12) to base 6.
-11041013
What is 2220221010 (base 3) in base 2?
1110000011000100
What is 11014572 (base 9) in base 10?
5324357
-10212200000 (base 3) to base 16
-12a0e
Convert 20304100 (base 5) to base 4.
220210012
14434042 (base 6) to base 12
202922
Convert 5522353 (base 11) to base 6.
543450121
What is 1406057 (base 10) in base 14?
2885a9
-65064103 (base 7) to base 6
-314504501
-4004233010 (base 5) to base 15
-a5acc0
What is 120112112 (base 4) in base 8?
302626
What is -13033330 (base 5) in base 9?
-213608
What is -11465 (base 7) in base 11?
-2276
What is -3ac47c (base 14) in base 11?
-1168297
Convert 10111010110101101 (base 2) to base 13.
34707
-4660603 (base 9) to base 10
-2519913
-101212100200012 (base 3) to base 15
-790ceb
-2d76 (base 16) to base 12
-689a
What is -20254665 (base 7) in base 8?
-6355322
What is 2320343 (base 6) in base 5?
12304432
100111111100101100 (base 2) to base 13
5962a
-31044